- 27 - 1, -4*q + 2*k - 4 = 0. Let x be 3/((-1)/(7/q)). What is the highest common factor of 21 and x?
7
Suppose 24 = 3*i - 5*a, 15 = i - 3*a - a. Calculate the highest common factor of 6 and i.
3
Suppose -4*i = 2*q - i - 6, -3*q + 6 = 3*i. Suppose q = 3*u - 67 - 41. Suppose u = 3*x - 12. Calculate the greatest common factor of 40 and x.
8
Suppose -22*u - 2*u + 5688 = 0. Calculate the highest common divisor of 3 and u.
3
Let o(k) = -k**3 + 4*k**2 + 12*k + 8. Let c(i) = i**2 + 14*i - 26. Let q be c(-16). Let v be o(q). What is the highest common divisor of 16 and v?
8
Suppose -1012*q = -1010*q - 98. Let b be (-20)/(-2) - (6 - 3). What is the highest common divisor of q and b?
7
Let p = -1810 + 1912. Calculate the highest common divisor of 34 and p.
34
Let s be (4/(-10))/(-2 + 45/25). Suppose -s*h = 2*h - 44. Calculate the greatest common divisor of 88 and h.
11
Let s = -743 - -931. Calculate the highest common divisor of s and 4.
4
Let p(i) = -i**3 - 5*i**2 - i + 24. Let y be p(0). What is the greatest common factor of 48 and y?
24
Suppose -f - 12 = -3*z, 0*z + f = -4*z + 23. Let j = 23 - z. Calculate the highest common factor of 9 and j.
9
Let x = -3 + 5. Let v be -3 + (1 - x - -14). Let i be (-1)/(-1) + 5 + v. What is the highest common divisor of i and 40?
8
Let k(z) = -3*z**2 + 17*z - 14. Let f be k(9). Let m = -95 - f. Calculate the highest common factor of 18 and m.
9
Suppose -4*t - 19 = -t - 2*i, 0 = t + i + 3. Let x(j) = -4*j - 2. Let l be x(t). Suppose -8 = -2*r - 2*r. What is the greatest common divisor of r and l?
2
Let i = -40 + 25. Let x be (-1)/(1 + 18/i). Suppose -44 = -4*a - 4*h, 0*h + 4*h = 2*a - 46. What is the highest common factor of a and x?
5
Let c be (57 + 2)/((-1)/(-2)). Let v = 35 + 178. Let n = v - c. Calculate the highest common factor of 19 and n.
19
Suppose -i - g = -2*i + 9, g = -i - 1. Let s = -1 - -4. Suppose -3*x + s*n - 5*n = -104, i*x + 3*n - 137 = 0. Calculate the highest common divisor of x and 57.
19
Let q = 8731 + -8456. Let t = 27 + -2. Calculate the highest common divisor of q and t.
25
Let n(x) = -3*x**2 - 10*x + 14. Let y(z) = -7*z**2 - 21*z + 29. Let o(i) = 5*n(i) - 2*y(i). Let p be o(-9). Calculate the greatest common factor of 6 and p.
3
Let d = 1131 - 1043. Let i be (2 + 44)/2 + 1. Suppose 0 = -3*f - 0*f + i. Calculate the highest common divisor of f and d.
8
Let t(h) = -2*h**3 + h**2 + 10*h + 25. Let b be t(-3). Calculate the highest common factor of 174 and b.
58
Let n = -1 + 0. Let q be (5 - n)/(3/26). Let z be 0 - ((-58)/2 + 3). What is the highest common factor of z and q?
26
Let l be 1122/8 + 3/(-12). Suppose -p = -2*i - 36, 18 - 22 = -p. Let d be 2 - (4/(-2) + i). What is the highest common factor of l and d?
20
Let j(o) = -o**3 - o**2 + o + 135. Let l be j(0). What is the greatest common factor of 60 and l?
15
Let t(d) = -2*d. Let v be t(-1). Suppose z - 5 = 0, -v = 4*w - 0*z - 2*z. Suppose 42 = w*j - 30. Calculate the highest common factor of 4 and j.
4
Suppose -11*t + 12 = -7*t. Let f(i) = -2*i + 10. Let j be f(t). Calculate the highest common divisor of j and 20.
4
Let l be -4*(-2)/(32/(-92)). Let n = 1 - l. What is the greatest common divisor of n and 12?
12
Let s be 6002/26 + 10*3/195. Calculate the greatest common factor of 308 and s.
77
Let c = 32 + -21. Let p(s) = 2*s - 38. Let m(o) = 1. Let x(i) = 6*m(i) - p(i). Let h be x(0). What is the greatest common factor of c and h?
11
Let i be (-22)/(-143) - (-7792)/52. Calculate the highest common divisor of i and 12.
6
Let q(l) = -l**3 - l**2 - 5*l - 7. Let k(o) = -o**2 - o - 2. Let y be k(-1). Let i be q(y). What is the highest common factor of i and 35?
7
Let b be (3 - -202)*8/10. Suppose 228 + b = 7*c. What is the highest common divisor of 8 and c?
8
Let a = 35 - 11. Let r = -8 + a. What is the highest common factor of 32 and r?
16
Suppose -m + 12 = 4*z, 30*m + 3*z - 39 = 28*m. Suppose 145 = 2*w - 95. Calculate the greatest common factor of w and m.
24
Let t be (-8 + 23)/(-3) + (125 - 0). What is the greatest common factor of t and 192?
24
Suppose 10*t - 605 - 445 = 0. Let x = 149 - t. Calculate the highest common factor of 220 and x.
44
Suppose 1208 = -5*o + o + 2*i, 0 = -o - 5*i - 280. Let l be o/8*4/(-5). Let w = l + 9. What is the highest common divisor of 26 and w?
13
Suppose -2*c = -5*i - 0*c + 61, 2*c = 4*i - 50. Suppose 29 = u + n, -3*u - i = n - 100. Let k = u + -17. What is the greatest common factor of k and 39?
13
Suppose -71*k + 792 = -5*k. What is the greatest common factor of k and 100?
4
Let w be ((-2)/(-3))/((1 + -4)/(-396)). Suppose 2*i = -8, -n - 3*i = 3*n - 32. What is the greatest common factor of n and w?
11
Let f = -111 + 156. Suppose -2*u + 193 - f = 0. Let o = 109 - u. Calculate the greatest common factor of o and 7.
7
Suppose -4*r + 352 = 4*x, 0*r - 5*r - 240 = -3*x. Calculate the greatest common factor of 68 and x.
17
Let s = 20 - 11. Let c be (-3)/s - (-49)/3. Let q = -2 + c. What is the greatest common factor of 98 and q?
14
Suppose 8*x - 14*q = -9*q + 31467, 3*x + q = 11803. What is the greatest common divisor of 14 and x?
14
Let k = -237 - -273. What is the highest common factor of 414 and k?
18
Let b be (1 + 0)*(7 - 2). Let c(w) be the second derivative of 5*w**3 - 7*w**2/2 + 2*w + 27. Let d be c(b). What is the highest common factor of d and 13?
13
Suppose 8*z = -7*z + 630. What is the highest common divisor of z and 147?
21
Let b(l) = 8*l**2 - 17*l - 49. Let z be b(15). What is the greatest common factor of 88 and z?
88
Suppose 5*u = -2*d + 418, -11*d = 6*u - 9*d - 502. Calculate the greatest common factor of 24 and u.
12
Let p = 122 + -46. Let x = p - 69. What is the highest common factor of x and 1?
1
Let w be 4/10 + 354/(-10). Let d be (6/5)/((-7)/w). Let o = 93 + -92. What is the greatest common factor of d and o?
1
Let y(v) be the third derivative of v**6/120 + 2*v**5/15 + 11*v**4/24 - 2*v**3/3 + 16*v**2. Let f be y(-5). Calculate the highest common divisor of f and 4.
4
Let j be 105 + (-1)/(2 + -1). Let l(p) = 3*p + 31. Let s(y) = 4*y + 18. Let o be s(-6). Let v be l(o). What is the greatest common divisor of v and j?
13
Suppose 27*v = 7416 + 2628. Calculate the greatest common divisor of 48 and v.
12
Suppose 4*r - 1289 + 85 = 0. Calculate the highest common factor of 7 and r.
7
Suppose 50*r = -7183 + 19183. Calculate the greatest common factor of 90 and r.
30
Suppose 5*c = -15, 0 = 5*b - 10*c + 5*c - 785. What is the greatest common divisor of b and 22?
22
Let p = 5108 + -5096. Let y = 39 + -27. Calculate the highest common factor of y and p.
12
Suppose 0 = -4*f, 0*p + 4*f = p - 79. Suppose 4*l - 220 = -4*i, -p = -2*l - i + 36. Calculate the highest common divisor of l and 15.
15
Let a be -3 - (-1040 + (-5 - (-7 + 2))). What is the highest common divisor of 34 and a?
17
Let l(v) = -v - 40. Let x be l(-14). Let r be (x/78)/(1/(-27)). Let o be r/(-6)*40/(-6). What is the greatest common factor of 90 and o?
10
Suppose 8*d - 2927 = 601. Calculate the greatest common divisor of 189 and d.
63
Let g be (805/23 - (-4)/2) + 7. Suppose -3*a - j + 42 = -27, 3*j = -a + 31. Calculate the greatest common factor of a and g.
22
Let k(i) = i**2 + i - 30. Let g be k(-7). Calculate the greatest common factor of g and 24.
12
Let j(y) = -y**3 + 5*y**2 + 19*y - 20. Let w be j(6). What is the highest common divisor of 58 and w?
58
Let y = 210 - 100. What is the greatest common factor of 154 and y?
22
Let z = 115 - 338. Let k = -133 - z. What is the greatest common divisor of k and 30?
30
Let n be -10*(3 + 0 + -3 - 6). What is the highest common divisor of n and 36?
12
Let p be (22/8)/(2/8). Let s(x) be the first derivative of -3*x**2/2 + 2*x + 6. Let q be s(-3). What is the greatest common factor of p and q?
11
Suppose 0 = 5*x - 3*d - 94 - 9, -38 = -2*x + 2*d. Let k be (6 - (-232)/(-32))/((-2)/184). Calculate the highest common factor of x and k.
23
Suppose -v + 6*v = 480. Let o(i) = -3*i - 3. Let g be o(-5). Calculate the highest common divisor of v and g.
12
Suppose 4*y + 0*y = -5*l - 226, -l - 3*y = 43. Let a = 51 + l. What is the greatest common divisor of a and 5?
5
Let v(t) = 111*t + 3. Let h be v(3). Suppose 10*w - 15 = 405. Calculate the highest common divisor of w and h.
42
Let n be (-10)/(-40) - (-236)/1